{"id":9,"date":"2017-03-27T10:09:38","date_gmt":"2017-03-27T08:09:38","guid":{"rendered":"http:\/\/svg.6mon.com\/wordpress\/?page_id=9"},"modified":"2017-05-05T15:25:55","modified_gmt":"2017-05-05T13:25:55","slug":"contact","status":"publish","type":"page","link":"https:\/\/www.savoievivregrandir.fr\/index.php\/contact\/","title":{"rendered":"Contact"},"content":{"rendered":"<p>Si vous souhaitez \u00eatre inform\u00e9 des prochaines conf\u00e9rences et projets, n&rsquo;h\u00e9sitez pas \u00e0 nous contacter !<\/p>\n","protected":false},"excerpt":{"rendered":"<p>Si vous souhaitez \u00eatre inform\u00e9 des prochaines conf\u00e9rences et projets, n&rsquo;h\u00e9sitez pas \u00e0 nous contacter !<\/p>\n","protected":false},"author":1,"featured_media":92,"parent":0,"menu_order":0,"comment_status":"closed","ping_status":"closed","template":"","meta":{"footnotes":""},"class_list":["post-9","page","type-page","status-publish","has-post-thumbnail","hentry"],"_links":{"self":[{"href":"https:\/\/www.savoievivregrandir.fr\/index.php\/wp-json\/wp\/v2\/pages\/9","targetHints":{"allow":["GET"]}}],"collection":[{"href":"https:\/\/www.savoievivregrandir.fr\/index.php\/wp-json\/wp\/v2\/pages"}],"about":[{"href":"https:\/\/www.savoievivregrandir.fr\/index.php\/wp-json\/wp\/v2\/types\/page"}],"author":[{"embeddable":true,"href":"https:\/\/www.savoievivregrandir.fr\/index.php\/wp-json\/wp\/v2\/users\/1"}],"replies":[{"embeddable":true,"href":"https:\/\/www.savoievivregrandir.fr\/index.php\/wp-json\/wp\/v2\/comments?post=9"}],"version-history":[{"count":3,"href":"https:\/\/www.savoievivregrandir.fr\/index.php\/wp-json\/wp\/v2\/pages\/9\/revisions"}],"predecessor-version":[{"id":63,"href":"https:\/\/www.savoievivregrandir.fr\/index.php\/wp-json\/wp\/v2\/pages\/9\/revisions\/63"}],"wp:featuredmedia":[{"embeddable":true,"href":"https:\/\/www.savoievivregrandir.fr\/index.php\/wp-json\/wp\/v2\/media\/92"}],"wp:attachment":[{"href":"https:\/\/www.savoievivregrandir.fr\/index.php\/wp-json\/wp\/v2\/media?parent=9"}],"curies":[{"name":"wp","href":"https:\/\/api.w.org\/{rel}","templated":true}]}}